Let s be p(2). Suppose -q + s*q - 5*f + 18 = 0, 2*q + 3*f - 8 = 0. Let n = q + 4. List the prime factors of n.
2
Suppose -5*m + 303 = 4*u, 5*m + 34 = u - 23. List the prime factors of u.
2, 3
Let g(i) = 2*i**3 + 1. Let y be g(1). Suppose 5*w + 2*t = 188, -3*w + y*t = -80 - 37. List the prime factors of w.
2, 19
Let v = 4 - -1. List the prime factors of v/((-10)/(-4)) + 2.
2
Suppose 5 = -4*z - 3, 0 = 2*n - z - 6. Let h(i) = -2*i + n + 3*i + 2*i. What are the prime factors of h(2)?
2
Suppose 2*d + 26 = 3*i, -2*i - d = -2*d - 17. Let g(p) = p - 1. Let u(z) = -4*z + 7. Let b(l) = 5*g(l) + u(l). List the prime factors of b(i).
2, 5
Suppose -3*l = 13 + 11. Let v = l + 4. List the prime factors of (11/v)/(5/(-20)).
11
Let c be 2*6/(-4)*-1. Let k be 5*(1 + (0 - 0)). Suppose 2*w + c = 3*z - 19, w = -k*z + 54. List the prime factors of z.
2, 5
Let u(b) = 8*b - 4. Suppose -28 = -4*m - 4*r, 2*r - 4 = m - 2. What are the prime factors of u(m)?
2, 7
Let h(f) = -f**3 - 10*f**2 - 8*f + 11. Let l(g) = g - 4. Let m be l(4). Let z be (m - 9) + 1 + -1. List the prime factors of h(z).
2
Suppose -3*v + 8 = -v. Suppose -v*m = -0*m - 32. List the prime factors of m.
2
What are the prime factors of (25 + -2)*7/7?
23
Let u = 6 - -2. Suppose 4 = -d - 1. Let b = d + u. What are the prime factors of b?
3
Suppose -10 = 4*r + 10. Let o = r + 6. Suppose m = o + 10. List the prime factors of m.
11
Suppose -3*y - 8*y + 803 = 0. List the prime factors of y.
73
Suppose 3*p - 14 = -y, -p + 14 + 0 = 5*y. Suppose 2*w + 4*o = -y, w - 4*o - 3 = 4*w. Let c(j) = -4*j**3. What are the prime factors of c(w)?
2
Let o = 134 - 95. What are the prime factors of o?
3, 13
Let b(s) = -s**3 - 2*s**2 - 2*s + 1. What are the prime factors of b(-5)?
2, 43
Suppose 0*x + 4*x + 3*m = 682, 180 = x - 4*m. List the prime factors of x.
2, 43
Let x(y) = -y - 1. Let p(s) = -s - 3. Let b(i) = p(i) - 3*x(i). What are the prime factors of b(5)?
2, 5
Suppose 3*k - 698 - 4 = 0. What are the prime factors of k?
2, 3, 13
Let r be (-39)/(-6)*(6 + 0). Suppose 4*w + 3*g - 225 = 0, -30 = -w - 5*g + r. List the prime factors of w.
2, 3
Let x(y) = y - 6. Let u be x(6). Suppose c - 4 - 1 = u. Suppose m + 5*n = -3*m + 15, 2*m = c*n + 15. What are the prime factors of m?
5
Let u = -11 - -3. Let a(z) = z**2 + 4*z + 9. Let o be a(u). Suppose -22 = 3*i + k - 83, 2*i = -k + o. List the prime factors of i.
2, 5
Let o(m) = -m**3 - 1. Let c be o(-1). Let i be (-2)/(-1) - 4/(-4). Suppose c = w - 8 + i. What are the prime factors of w?
5
Let f be -1*(3 + -6) - -22. Suppose -b - 5 = -4*g + 12, -5*g + 2*b = -f. What are the prime factors of g?
3
Suppose -5*t + 3*o + 241 = 0, 2*t + 2*t + o - 203 = 0. List the prime factors of t.
2, 5
Suppose 0*q + q = 20. Suppose 4 = -y - 4*w - 0*w, -4*w = -3*y + q. What are the prime factors of 115/20 + 1/y?
2, 3
Let t be (3 + 0)*2/(-6). What are the prime factors of 100/8*(1 - t)?
5
Suppose h - 3 = 2. Suppose -h*g + 2*g - 2*a = -26, 0 = -3*a - 6. List the prime factors of g.
2, 5
Let i = -7 + 0. List the prime factors of (-2)/7 + (-177)/i.
5
Suppose 3*k = 110 + 46. What are the prime factors of k?
2, 13
Suppose -27 - 21 = 4*u. Let s be (-6)/u + (-15)/(-2). Suppose -6*q + 2*q + s = 0. What are the prime factors of q?
2
Let r = 34 + -27. List the prime factors of r.
7
Suppose 12*p = 2*p + 360. List the prime factors of p.
2, 3
Let u = 14 + -8. Suppose 0 = -4*d + o + u, 2*d + 5*o = -0*d + 14. Suppose 44 = -d*v + 6*v - 4*n, -4*v + 43 = -3*n. What are the prime factors of v?
2, 5
Let y(q) be the third derivative of -q**5/60 - q**4/6 - q**3/3 - q**2. Let a(v) = -v + 5. Let s be a(7). List the prime factors of y(s).
2
Let x(z) = -z + 7. Let i be x(5). Suppose 0*w - 3*w = -u + 36, -5*w + 38 = 3*u. Suppose i*h - 9 = 3*g + u, h = 3*g + 21. What are the prime factors of h?
3
Let o = 7 - 1. Let h be ((-10)/o)/((-1)/3). Let d = h + 2. What are the prime factors of d?
7
Suppose -37 = 2*p - 155. List the prime factors of p.
59
Suppose 0*d + 5*q = 2*d - 8, -5*d - q + 20 = 0. Suppose d*c - 2*z = 12, 2*z - 7 = -3. What are the prime factors of c?
2
List the prime factors of -1*1/1 + 25.
2, 3
Let u(c) = 3*c**2 - 5*c - 7. List the prime factors of u(5).
43
Let s = 237 + -132. What are the prime factors of s?
3, 5, 7
Suppose -p - a = -2*a - 29, -3*p - 3*a + 57 = 0. Suppose -3*k + i = -p, -4*k - i = 3*i - 16. List the prime factors of k.
7
Let d = 361 - 245. What are the prime factors of d?
2, 29
Let g = 122 + -79. List the prime factors of g.
43
Suppose 3*w = -3*u + 927, -921 - 309 = -4*w + 2*u. What are the prime factors of w?
2, 7, 11
Suppose 4*m - 154 = -5*i - 23, 0 = i - 3. What are the prime factors of m?
29
Suppose 4*y = l + 3*y - 8, -5*y = -15. Suppose 4*b = l + 1. Suppose -4*s + 68 = -2*j, 3*j - b = -15. What are the prime factors of s?
3, 5
Let l = 0 + 3. List the prime factors of (l/(-6))/((-1)/24).
2, 3
Suppose 0 = 4*f - 12 - 0. Suppose 2*d - 86 = -f*w + 80, -5*w = -2*d - 266. List the prime factors of w.
2, 3
Suppose 3*t = 2*p + p - 3, t - 2*p = -2. Suppose t = -o + 6 + 2. What are the prime factors of o?
2
Let w(l) = l - 10. Let a be w(10). Suppose -4*c + 185 - 61 = a. Let s = -20 + c. List the prime factors of s.
11
Suppose -4*a - 3*d = -a + 6, 4*a = -2*d. Suppose 2*t - 38 = -a*y, -5*t - y = -0*y - 75. What are the prime factors of t?
2, 7
Let o = -5 - -30. What are the prime factors of o?
5
List the prime factors of 4/(-24) - (-38)/12.
3
Suppose -1 = -c - 3, 0 = -q - 4*c - 6. Suppose 0 = 2*g - 22 - 4. Suppose -3*b + q*j + 16 = -2*b, 3*b - g = -j. List the prime factors of b.
2, 3
Let i = 6 - -3. Suppose -i*x = -6*x - 54. What are the prime factors of x?
2, 3
Let a(h) = -h**2 - 8*h - 9. Let s be a(-6). Suppose v = -0*v + s. Suppose 0 = v*g - 4*q - 25, 4*q = q + 6. List the prime factors of g.
11
Let z = 4 + 24. Suppose 1 - z = l. What are the prime factors of (-4)/2 + (-3 - l)?
2, 11
Let m(y) = -y + 2. Let u = 0 + -1. Let g = -6 + u. List the prime factors of m(g).
3
List the prime factors of 12/(-66) - 838/(-11).
2, 19
Suppose 0*h - 90 = -3*h. Let s = -8 + h. List the prime factors of s.
2, 11
Let i = -5 - -11. Suppose i*y - 8 = 2*y. What are the prime factors of y?
2
Let m(f) = -65*f. What are the prime factors of m(-1)?
5, 13
Let q = 9 + -6. Suppose -3*m - 7 = -m - q*g, g = m + 2. List the prime factors of (m - 1) + (-66)/(-6).
11
Let g(i) = i + 14. Let m be g(0). Let r = 34 + m. Suppose -4*u + 2*u + r = 4*d, -56 = -4*d + 2*u. List the prime factors of d.
13
Let j(v) = -16*v + 40. List the prime factors of j(-9).
2, 23
Let k be 0*((-9)/(-6) - 1). Suppose -z = -k*z - 6. What are the prime factors of z?
2, 3
Let y(a) = -a**3 - 4*a**2 - 3*a + 2. Let i = -3 + 0. Let m be 2 - 4/(-2)*i. List the prime factors of y(m).
2, 7
Let m = 19 + 74. Suppose -d - 3 = 0, 0 = -4*a - a - 4*d + m. Let x = a - 13. List the prime factors of x.
2
Let o be 0/(-1) + (0 - -1). Suppose -17 = -4*x + 4*i - o, -10 = -2*i. What are the prime factors of x?
3
Let m = -79 + 168. List the prime factors of m.
89
Suppose -4*v - 3*b + 44 = 0, 2*b - 55 = -5*v - 0*b. Suppose -20 = -v*q + 7*q. What are the prime factors of q?
5
Let v be (-2)/10 + (-11)/(-5). Suppose -8 + 0 = -v*c. List the prime factors of c.
2
Suppose 3*a - k = 0, 5*a - 3 - 5 = -k. List the prime factors of 3 - 6 - (a + -21).
17
Let a be (-2)/3 + 318/18. Let u = a + -4. What are the prime factors of u?
13
Let q = 31 + -20. What are the prime factors of q?
11
Let s = -9 - -3. Let v = -2 - s. List the prime factors of 1/2 - (-6)/v.
2
Let a be 3/2*8/4. Let u be ((-70)/(-8))/7*4. Suppose u*q - 86 = g, 4*g - 38 = -a*q + 8*g. What are the prime factors of q?
2, 3
Suppose 5*y + x = 4*y - 7, 5*y = -2*x - 26. What are the prime factors of 6/y - (-102)/4?
2, 3
Let u(h) = h**3 - h**2 + h + 8. Let s be 9/6*2 - -1. Let z be (s - 3) + (-1 - 0). List the prime factors of u(z).
2
Let p(a) be the third derivative of 0 + 0*a + 2*a**2 + 1/2*a**3 + 1/8*a**4. List the prime factors of p(3).
2, 3
What are the prime factors of (160/(-15) - -4)*-36?
2, 3, 5
Let p(c) = c**3 + 3*c**2 + 1. Suppose 0*u - 5*u - 11 = 2*r, 0 = -5*r + 10. Let z be p(u). List the prime factors of (-1)/z + (14 - 0).
13
Suppose -47 + 155 = 3*n. Let x = 67 - n. List the prime factors of x.
31
Suppose 29 - 1 = 4*s. Suppose 3